5
What is the remainder when 304 is divided by 3?
1
Calculate the remainder when 290 is divided by 277.
13
What is the remainder when 83 is divided by 28?
27
Calculate the remainder when 179 is divided by 64.
51
What is the remainder when 828 is divided by 265?
33
Calculate the remainder when 55 is divided by 23.
9
What is the remainder when 7770 is divided by 4?
2
Calculate the remainder when 275 is divided by 46.
45
Calculate the remainder when 762 is divided by 17.
14
What is the remainder when 4174 is divided by 43?
3
Calculate the remainder when 55 is divided by 29.
26
Calculate the remainder when 2226 is divided by 97.
92
What is the remainder when 99 is divided by 72?
27
Calculate the remainder when 657 is divided by 2.
1
What is the remainder when 361 is divided by 110?
31
What is the remainder when 29118 is divided by 416?
414
Calculate the remainder when 152 is divided by 40.
32
What is the remainder when 2110 is divided by 88?
86
Calculate the remainder when 1283 is divided by 11.
7
Calculate the remainder when 316 is divided by 58.
26
Calculate the remainder when 87 is divided by 3.
0
What is the remainder when 223 is divided by 57?
52
Calculate the remainder when 1514 is divided by 85.
69
What is the remainder when 206 is divided by 70?
66
What is the remainder when 112 is divided by 12?
4
Calculate the remainder when 500 is divided by 34.
24
What is the remainder when 1641 is divided by 409?
5
What is the remainder when 4281 is divided by 84?
81
What is the remainder when 1482 is divided by 148?
2
What is the remainder when 20637 is divided by 40?
37
What is the remainder when 228 is divided by 123?
105
What is the remainder when 141 is divided by 9?
6
What is the remainder when 1206 is divided by 110?
106
What is the remainder when 317 is divided by 54?
47
Calculate the remainder when 150 is divided by 127.
23
Calculate the remainder when 1796 is divided by 15.
11
What is the remainder when 358 is divided by 177?
4
Calculate the remainder when 740 is divided by 119.
26
Calculate the remainder when 246 is divided by 9.
3
What is the remainder when 1270 is divided by 13?
9
What is the remainder when 1418 is divided by 235?
8
Calculate the remainder when 1067 is divided by 51.
47
Calculate the remainder when 1283 is divided by 637.
9
What is the remainder when 77 is divided by 7?
0
What is the remainder when 5399 is divided by 72?
71
Calculate the remainder when 110 is divided by 13.
6
What is the remainder when 917 is divided by 184?
181
What is the remainder when 78 is divided by 27?
24
Calculate the remainder when 112 is divided by 72.
40
Calculate the remainder when 779 is divided by 79.
68
Calculate the remainder when 71 is divided by 20.
11
What is the remainder when 7449 is divided by 207?
204
What is the remainder when 4948 is divided by 9?
7
What is the remainder when 263 is divided by 53?
51
What is the remainder when 66 is divided by 44?
22
Calculate the remainder when 880 is divided by 91.
61
Calculate the remainder when 576 is divided by 118.
104
Calculate the remainder when 126 is divided by 9.
0
What is the remainder when 212 is divided by 63?
23
Calculate the remainder when 1437 is divided by 479.
0
Calculate the remainder when 109 is divided by 88.
21
What is the remainder when 508 is divided by 260?
248
What is the remainder when 3568 is divided by 51?
49
What is the remainder when 17069 is divided by 194?
191
Calculate the remainder when 1790 is divided by 24.
14
What is the remainder when 810 is divided by 19?
12
Calculate the remainder when 237 is divided by 48.
45
What is the remainder when 5758 is divided by 180?
178
Calculate the remainder when 4222 is divided by 14.
8
Calculate the remainder when 1499 is divided by 20.
19
What is the remainder when 1894 is divided by 24?
22
What is the remainder when 747 is divided by 94?
89
Calculate the remainder when 139 is divided by 42.
13
What is the remainder when 5828 is divided by 81?
77
Calculate the remainder when 702 is divided by 370.
332
Calculate the remainder when 1663 is divided by 420.
403
Calculate the remainder when 188 is divided by 55.
23
What is the remainder when 776 is divided by 434?
342
What is the remainder when 6335 is divided by 66?
65
Calculate the remainder when 359 is divided by 36.
35
Calculate the remainder when 9824 is divided by 34.
32
Calculate the remainder when 636 is divided by 69.
15
Calculate the remainder when 21 is divided by 5.
1
Calculate the remainder when 718 is divided by 36.
34
Calculate the remainder when 876 is divided by 430.
16
Calculate the remainder when 5673 is divided by 172.
169
Calculate the remainder when 1136 is divided by 247.
148
What is the remainder when 882 is divided by 441?
0
Calculate the remainder when 112 is divided by 29.
25
Calculate the remainder when 196 is divided by 47.
8
Calculate the remainder when 1567 is divided by 28.
27
What is the remainder when 27 is divided by 19?
8
What is the remainder when 788 is divided by 10?
8
What is the remainder when 10402 is divided by 17?
15
What is the remainder when 219 is divided by 132?
87
What is the remainder when 852 is divided by 22?
16
What is the remainder when 1427 is divided by 21?
20
Calculate the remainder when 417 is divided by 35.
32
Calculate the remainder when 206 is divided by 23.
22
Calculate the remainder when 1306 is divided by 39.
19
Calculate the remainder when 154 is divided by 94.
60
Calculate the remainder when 4646 is divided by 28.
26
Calculate the remainder when 458 is divided by 66.
62
What is the remainder when 163 is divided by 77?
9
Calculate the remainder when 7536 is divided by 27.
3
What is the remainder when 156 is divided by 53?
50
Calculate the remainder when 1237 is divided by 9.
4
What is the remainder when 2403 is divided by 58?
25
Calculate the remainder when 481 is divided by 62.
47
What is the remainder when 171 is divided by 25?
21
What is the remainder when 2475 is divided by 16?
11
What is the remainder when 1782 is divided by 435?
42
Calculate the remainder when 242 is divided by 66.
44
Calculate the remainder when 750 is divided by 112.
78
Calculate the remainder when 3 is divided by 2.
1
Calculate the remainder when 2297 is divided by 209.
207
What is the remainder when 271 is divided by 21?
19
What is the remainder when 274 is divided by 153?
121
Calculate the remainder when 403 is divided by 27.
25
What is the remainder when 645 is divided by 26?
21
What is the remainder when 857 is divided by 132?
65
What is the remainder when 509 is divided by 32?
29
What is the remainder when 62097 is divided by 23?
20
What is the remainder when 89 is divided by 73?
16
Calculate the remainder when 882 is divided by 15.
12
Calculate the remainder when 737 is divided by 84.
65
What is the remainder when 237 is divided by 11?
6
Calculate the remainder when 372 is divided by 297.
75
What is the remainder when 478 is divided by 160?
158
What is the remainder when 2480 is divided by 34?
32
Calculate the remainder when 759 is divided by 252.
3
What is the remainder when 1170 is divided by 356?
102
What is the remainder when 469 is divided by 205?
59
What is the remainder when 185 is divided by 19?
14
Calculate the remainder when 1842 is divided by 155.
137
What is the remainder when 542 is divided by 78?
74
What is the remainder when 1242 is divided by 17?
1
Calculate the remainder when 943 is divided by 86.
83
What is the remainder when 56 is divided by 26?
4
Calculate the remainder when 6598 is divided by 15.
13
Calculate the remainder when 363 is divided by 353.
10
What is the remainder when 372 is divided by 10?
2
Calculate the remainder when 8878 is divided by 12.
10
Calculate the remainder when 112 is divided by 32.
16
What is the remainder when 454 is divided by 12?
10
Calculate the remainder when 183 is divided by 3.
0
What is the remainder when 171 is divided by 41?
7
Calculate the remainder when 3212 is divided by 29.
22
What is the remainder when 153 is divided by 69?
15
Calculate the remainder when 1974 is divided by 284.
270
Calculate the remainder when 140 is divided by 49.
42
Calculate the remainder when 74 is divided by 13.
9
Calculate the remainder when 2869 is divided by 19.
0
Calculate the remainder when